 Let x(v) be the second derivative of 5*v**3/6 - v**2/2 - 2*v. What is x(j)?
9
Suppose 0 = 8*y - 39*y - 31. Let x(g) = -4*g**2 + g + 1. Give x(y).
-4
Suppose -15 = -3*j + 5*g - 4, 4*j + 2*g - 6 = 0. Suppose -5*d + 4*r + 3 - 6 = 0, 3*r = -j*d - 15. Let q(w) = w**2 + 5*w + 3. Give q(d).
-3
Let f be (-4 + 4 + 0)/1. Suppose f = -5*d + 2 + 3. Let u(i) be the first derivative of 3*i**2 + 3. Give u(d).
6
Let u(o) = -o**2 + 9*o - 12. Let p be u(6). Let d(a) = -1 + 0 + a + p - 3. What is d(-5)?
-3
Let r(s) = -6*s + 7. Let d = 150 - 141. Suppose -2*o + d*o = 35. Calculate r(o).
-23
Let w(k) = -2*k**3 + k**2 - 3*k. Let h(g) = 3*g**3 + 3*g**2 + 9*g + 4. Let o(r) = -h(r) - 2*w(r). Suppose -20 = u - 5*u. Determine o(u).
-19
Let n(w) = -w**2 - 7*w + 6. Let s be 2/(-5) + 4 + 8/20. Suppose s*k = -5 - 19. Calculate n(k).
12
Let b(o) = -3*o**3 - 31*o**2 + 8*o + 22. Let l(c) = -2*c**3 - 15*c**2 + 5*c + 11. Let i(s) = -3*b(s) + 5*l(s). Determine i(18).
7
Let u(f) = -6 + 3 + 5 + 6*f - 3 + 2. What is u(-3)?
-17
Let a(q) = 17*q - 3. Let y(o) = 93*o - 16. Let z(d) = -11*a(d) + 2*y(d). Determine z(1).
0
Let l(f) = f**3 - 3*f**2 + 2*f - 2. Let z(o) = o**3 + o. Let s(a) = l(a) - 3*z(a). Determine s(-2).
4
Let i(f) = f**2 + 6*f + 7. Let c be i(-5). Let t(b) = -b - b**3 - c*b + 3 + 5*b**2 - 5. Suppose -19 = -5*n - 2*a, 9*a - 4*a = -n + 13. Calculate t(n).
7
Let v(m) = 6*m**2 + 14*m + 26. Let p(t) = -t**2 - 3*t - 5. Let j(k) = -11*p(k) - 2*v(k). Suppose -11*f + 33*f - 154 = 0. Determine j(f).
-11
Let m(t) = -3*t**2 + 1 - 5*t + 1 + 1 + t**3. Suppose -z + 22 = -2*p + 4, 3*p + 57 = 4*z. Let k be z/(-42) + 60/14. Calculate m(k).
-1
Let m(o) be the second derivative of 0 - 7/6*o**3 + 1/4*o**4 - 2*o**2 - 11*o. Let z(d) = 7*d**2 - 15*d - 9. Let c(t) = -5*m(t) + 2*z(t). Determine c(4).
6
Let h(m) = -9*m**3 + m**2 + m. Suppose 9 = -13*y - 4. Give h(y).
9
Let b(j) = -j - 3. Let m = -87 + 56. Let c = m + 26. Calculate b(c).
2
Let x(y) = 163*y - 162*y - 20 + 4. Determine x(7).
-9
Let b be (-50)/15 + (-2)/(-6). Let j = -3 - b. Suppose 5*o = -3*y - j*y, y = 0. Let s(n) = n + 13. Give s(o).
13
Let q(o) = -11*o - 3. Suppose 0 = 5*i - 3*x + 19, -24 - 2 = 4*i + 3*x. Calculate q(i).
52
Let d be (-3)/(-15) - (-4526)/(-730). Let z(h) = -h**2 - 14*h + 9. Let q(m) = 3*m**2 + 41*m - 26. Let p(t) = -6*q(t) - 17*z(t). Give p(d).
15
Let h be 339/31 - (-70)/1085. Let b(n) = 3*n - 7. Determine b(h).
26
Let g(a) = -a**3 + 3*a**2 - 2. Let x = 224 - 222. Calculate g(x).
2
Let w(b) = -3*b**2 - 8*b - 7. Let x(s) be the first derivative of -4/3*s**3 - 6*s**2 - 10*s + 6. Let m(g) = -7*w(g) + 5*x(g). Determine m(4).
-1
Let x = -43 - -47. Suppose -2*z - 3*c = 16, 5*c = x*z + 3*c. Let i(j) be the third derivative of j**5/60 + j**4/8 - 2*j**2. Determine i(z).
-2
Let l(g) = g**2 + 2*g**2 - 267*g + 135*g + 4 - g**2 + 150*g. Give l(-8).
-12
Suppose -23 = 2*b + x, -2*b + 0*x - 3*x = 29. Let k(i) = -i - 5. Calculate k(b).
5
Let c be 7 + -5 - (2 + -2). Let b(j) = -j**2 + 5*j - 7. Let k(q) = q**2. Let w(m) = c*k(m) + b(m). Calculate w(-5).
-7
Let d be 2 + 3 + 1 - 0. Let k(y) = y**2 - 119*y - 1 - 2*y**3 + y**3 - d*y**2 + 124*y. Calculate k(-6).
5
Let x(t) = t**3 + 10*t**2 + 8*t - 5. Let i(j) = j**3 - 14*j**2 - 15*j - 9. Let n be i(15). What is x(n)?
4
Let q(z) = -20*z + 6. Suppose -u = -240 + 237. Give q(u).
-54
Let v(c) = 16*c**3 - 19*c**2 + 30*c + 47. Let n(r) = -3*r**3 + 4*r**2 - 6*r - 9. Let i(m) = -11*n(m) - 2*v(m). Calculate i(5).
10
Suppose -7*s + 3*s = 0. Suppose -2*y = 3*y - 5*j + 5, -y - j - 3 = s. Let i(q) be the first derivative of -q**4/2 - 4*q**3/3 - q**2 + 2*q - 4. Determine i(y).
6
Suppose -5*k = -0*k + 5*t - 5, -5*k = 4*t - 6. Let i(l) = 0*l**2 + 2 + 5 - 5 + l**2 - l**3. Let o be i(k). Let r(g) = 5*g + 3. What is r(o)?
-7
Suppose 0 = 2*j + 2*j + 3*a + 1, 5*j - 5*a + 45 = 0. Let q(s) = s**3 + 4*s**2 + 2*s + 5. Calculate q(j).
-3
Let m be ((1 - -16) + -15 + 11)*-1. Let s(k) = -k**2 - 12*k + 9. Give s(m).
-4
Let v(r) = r + 3. Let l(m) = 3*m + 45. Let s(y) = l(y) - 5*v(y). What is s(16)?
-2
Let f(t) = -80 - 162 - 3*t + 248 + t**2. Calculate f(-6).
60
Let o(p) = 23*p**3 + p**2. Let a(d) = 3*d**2 + 4*d + 1. Let v be a(0). Give o(v).
24
Let h(a) be the first derivative of -a**6/120 + a**5/12 + a**4/24 + a**3/6 - 6*a**2 - 7. Let q(p) be the second derivative of h(p). Calculate q(5).
6
Let s(l) be the first derivative of l**4/4 - l**3/3 + 13*l + 378. Give s(0).
13
Let h = -110 - -117. Let p(c) = -h - 4 - 11*c + 11. Let q be (1 - 3)/((-6)/3). What is p(q)?
-11
Let r(g) be the third derivative of 0 + 7/24*g**4 + 1/60*g**5 - 4/3*g**3 + 0*g + 2*g**2. Let j be r(-8). Let h(i) = -i. Give h(j).
0
Let y(l) be the third derivative of -l**6/60 - l**5/60 + l**4/12 - l**3/6 - 9*l**2. Determine y(1).
-2
Let i(l) = 26*l + 2. Let c(m) = -32*m - 3. Let x(s) = 4*c(s) + 5*i(s). What is x(4)?
6
Let l(i) = i**3 - 3*i**2 - i - 6. Let z(v) = 2*v**3 - 6*v**2 - v - 13. Let j(s) = 7*l(s) - 3*z(s). Determine j(4).
-3
Let v(l) = -6*l**2 - 4*l - 2. Let r(o) = 3*o**3 + 1. Let z be r(-1). What is v(z)?
-18
Let q be (-4)/16*(-23 + -1). Let p = 4 + -3. Let s(j) = 1 + p + 3 - j. Calculate s(q).
-1
Let o(c) = -c**3 + 7*c**2 - 8*c + 7. Suppose 7*j - 77 = 6*j. Let f = -72 + j. Calculate o(f).
17
Let d(i) = 6*i + 2. Let a(k) be the first derivative of 5/2*k**2 + 2*k - 3. Let t(s) = -5*a(s) + 4*d(s). Give t(-2).
0
Let l be (9 + -9)*2/(-6). Let z(j) be the second derivative of j**3 + l - 1/12*j**4 + 4*j - 7/2*j**2. Determine z(5).
-2
Let x = -4 - -8. Let h be x + (-4 + 12)/(-4). Let q(f) = -4*f. Give q(h).
-8
Let s(x) = 4*x + 2*x**2 + 0 + x**3 - 6*x + 1. Let d(c) = c**2 - c - 1. Let z(h) = -27*h - 24. Let u be z(-1). Let o(m) = u*d(m) - s(m). Determine o(0).
-4
Let u(o) = o**3 - 4*o**2 - 4*o - 3. Let p(w) = -6*w - 7. Let k(b) = b**2 - 4*b + 1. Let q be k(3). Let y be p(q). What is u(y)?
2
Let x(z) be the first derivative of -z**3/3 + 5*z**2/2 - 4*z - 8. Let m(s) = 7*s**2 + 3*s + 1. Let o be m(-2). Let t = o - 20. Give x(t).
2
Let p be (-8 - 4)*3*2/(-12). Let k(w) = w**2 - 2*w - 24. What is k(p)?
0
Let l(j) be the second derivative of -j**3/6 - j**2/2 + j. Suppose 0 = 2*i + 3*f + 10, -11*f - 10 = 2*i - 7*f. Calculate l(i).
4
Let c = -3 + 8. Let l(w) = w**3 + w**2 - 2*w - 6. Let r(i) = -i**3 - 2*i**2 + 45*i + 0*i**2 - 44*i + 6. Let j(s) = 5*l(s) + 4*r(s). What is j(c)?
14
Let f(r) be the third derivative of -1/120*r**6 + 0 - r**3 + 1/24*r**4 + 42*r**2 + 0*r**5 + 0*r. What is f(0)?
-6
Let y be -4 + 8 + 7 - 28. Let f(a) = a**3 + 17*a**2 - 2*a - 24. What is f(y)?
10
Let b(m) = -m**3 - m**2 + m + 1. Let j(g) = 11*g**3 - 8*g**2 + g**2 - 2 + 10 + 10*g - 17*g**3. Let s(o) = 5*b(o) - j(o). What is s(-3)?
3
Let z(u) = 13*u**2 + 19*u - 1. Let s(b) = 11*b**2 + 18*b - 2. Let f(w) = 7*s(w) - 6*z(w). Determine f(8).
24
Let v(p) = 7*p - 20*p - 4 + 2*p + 6*p. What is v(2)?
-14
Let p(j) = -12*j**3 - 5*j**2 + 12*j + 15. Let y(c) = 17*c**3 + 8*c**2 - 17*c - 22. Let b(w) = 7*p(w) + 5*y(w). Calculate b(-4).
15
Suppose 5*x - 4*m - 17 = 0, -3*x + 2*m + 10 = 1. Let n(v) be the second derivative of -2*v**5/5 + v**4/12 + v**3/6 - v**2/2 - v. Calculate n(x).
-7
Let p(i) = -i**3 - 4*i**2. Let c be 6/(-1)*(-6)/4. Let q(s) = -4*s**3 - 15*s**2 + s + 1. Let g = -321 - -319. Let a(b) = c*p(b) + g*q(b). Give a(-6).
10
Let z(i) = i**3 - 2*i**2 - i + 1. Let r(w) = -3*w**3 - w**2 + 17*w - 15. Let k(u) = r(u) + 4*z(u). Give k(8).
29
Suppose 1 - 7 = -3*l. Suppose -v + l*v = 3. Let f(t) = -t + t**3 + v + 5*t**2 - 6*t - 3*t + 4*t. Calculate f(-6).
3
Let v be ((-2)/6)/(3/(-819)). Let u be ((-8)/7)/((-26)/v). Let k(b) = b**2 - 6*b. What is k(u)?
-8
Suppose 0 = 3*f - f. Suppose f = 2*b + 3*b - 5*s, -5*b - 2*s + 14 = 0. Let k(c) = b + 2*c - 4*c + 2*c - c. Give k(2).
0
Suppose -b - 2*j + 13 = -4*j, -13 = -4*b - 5*j. Let h(v) be the first derivative of v**4/4 - 8*v**3/3 + 5*v**2/2 - v + 107. Give h(b).
-15
Let x(s) = -s**3 - 8*s**2 - 4*s + 11. Let i be x(-7). Let n(k) = k**3 + 11*k**2 + 9*k - 10. Determine n(i).
0
Suppose 6 = -3*k + 4*k. Let x(d) = -2*d + 2. Calculate x(k).
-10
Suppose -7*w = 119 - 1624. Let f(y) = w*y**3 - 211*y**3 - 4*y + 2*y + 3*y. Calculate f(1).
5
Let u(o) = 142*o + 6. Let m(t) = 20*t + 1. Let r(k) = -15*m(k) + 2*u(k). Determine r(-2).
29
Let j(c) = c**3 - 7*c**2 + 3*c + 2